{"id":620,"date":"2018-08-11T07:14:36","date_gmt":"2018-08-11T07:14:36","guid":{"rendered":"https:\/\/xn--typisch-s-x9a.ch\/?page_id=620"},"modified":"2018-08-11T07:30:17","modified_gmt":"2018-08-11T07:30:17","slug":"glace-mit-schwarzem-sesam","status":"publish","type":"page","link":"https:\/\/xn--typisch-s-x9a.ch\/?page_id=620","title":{"rendered":"Glace mit schwarzem Sesam"},"content":{"rendered":"<p><strong>Zutaten:<\/strong><\/p>\n<p>200 ml Milch<\/p>\n<p>100 ml Rahm<\/p>\n<p>2El Zucker<\/p>\n<p>8El schwarzer Sesam<\/p>\n<p>1 Prise Salz<\/p>\n<p>1 Messerspitze Vanillemark<\/p>\n<p>1 Ei<\/p>\n<p>1 Eigelb<\/p>\n<p>1 El Puderzcker<\/p>\n<p><strong>Zubereitung:<\/strong><\/p>\n<p>Alle Zutaten ausser den Sesam erw\u00e4rmen und zur Rose abziehen. Sesam leicht r\u00f6sten und im M\u00f6rser mahlen, bis ein \u00f6liger Teig entsteht. Mit der Grundmasse verr\u00fchren.<\/p>\n<p>Im Pacojet-Becher f\u00fcr 24 Stunden bei 22 Grad tiefk\u00fchlen. Mit dem Pacojet 1 x pacossieren.<\/p>\n","protected":false},"excerpt":{"rendered":"<p>Zutaten: 200 ml Milch 100 ml Rahm 2El Zucker 8El schwarzer Sesam 1 Prise Salz 1 Messerspitze Vanillemark 1 Ei 1 Eigelb 1 El Puderzcker Zubereitung: Alle Zutaten ausser den Sesam erw\u00e4rmen und zur Rose abziehen. Sesam leicht r\u00f6sten und im M\u00f6rser mahlen, bis ein \u00f6liger Teig entsteht. Mit der Grundmasse verr\u00fchren. Im Pacojet-Becher f\u00fcr &hellip; <\/p>\n<p class=\"link-more\"><a href=\"https:\/\/xn--typisch-s-x9a.ch\/?page_id=620\" class=\"more-link\"><span class=\"screen-reader-text\">&#171;Glace mit schwarzem Sesam&#187;<\/span> weiterlesen<\/a><\/p>\n","protected":false},"author":1,"featured_media":618,"parent":0,"menu_order":0,"comment_status":"closed","ping_status":"closed","template":"","meta":{"footnotes":""},"class_list":["post-620","page","type-page","status-publish","has-post-thumbnail","hentry"],"jetpack_sharing_enabled":true,"_links":{"self":[{"href":"https:\/\/xn--typisch-s-x9a.ch\/index.php?rest_route=\/wp\/v2\/pages\/620","targetHints":{"allow":["GET"]}}],"collection":[{"href":"https:\/\/xn--typisch-s-x9a.ch\/index.php?rest_route=\/wp\/v2\/pages"}],"about":[{"href":"https:\/\/xn--typisch-s-x9a.ch\/index.php?rest_route=\/wp\/v2\/types\/page"}],"author":[{"embeddable":true,"href":"https:\/\/xn--typisch-s-x9a.ch\/index.php?rest_route=\/wp\/v2\/users\/1"}],"replies":[{"embeddable":true,"href":"https:\/\/xn--typisch-s-x9a.ch\/index.php?rest_route=%2Fwp%2Fv2%2Fcomments&post=620"}],"version-history":[{"count":1,"href":"https:\/\/xn--typisch-s-x9a.ch\/index.php?rest_route=\/wp\/v2\/pages\/620\/revisions"}],"predecessor-version":[{"id":623,"href":"https:\/\/xn--typisch-s-x9a.ch\/index.php?rest_route=\/wp\/v2\/pages\/620\/revisions\/623"}],"wp:featuredmedia":[{"embeddable":true,"href":"https:\/\/xn--typisch-s-x9a.ch\/index.php?rest_route=\/wp\/v2\/media\/618"}],"wp:attachment":[{"href":"https:\/\/xn--typisch-s-x9a.ch\/index.php?rest_route=%2Fwp%2Fv2%2Fmedia&parent=620"}],"curies":[{"name":"wp","href":"https:\/\/api.w.org\/{rel}","templated":true}]}}

<p><strong>Zutaten:</strong></p>
<p>200 ml Milch</p>
<p>100 ml Rahm</p>
<p>2El Zucker</p>
<p>8El schwarzer Sesam</p>
<p>1 Prise Salz</p>
<p>1 Messerspitze Vanillemark</p>
<p>1 Ei</p>
<p>1 Eigelb</p>
<p>1 El Puderzcker</p>
<p><strong>Zubereitung:</strong></p>
<p>Alle Zutaten ausser den Sesam erwärmen und zur Rose abziehen. Sesam leicht rösten und im Mörser mahlen, bis ein öliger Teig entsteht. Mit der Grundmasse verrühren.</p>
<p>Im Pacojet-Becher für 24 Stunden bei 22 Grad tiefkühlen. Mit dem Pacojet 1 x pacossieren.</p>

<p>Zutaten: 200 ml Milch 100 ml Rahm 2El Zucker 8El schwarzer Sesam 1 Prise Salz 1 Messerspitze Vanillemark 1 Ei 1 Eigelb 1 El Puderzcker Zubereitung: Alle Zutaten ausser den Sesam erwärmen und zur Rose abziehen. Sesam leicht rösten und im Mörser mahlen, bis ein öliger Teig entsteht. Mit der Grundmasse verrühren. Im Pacojet-Becher für &hellip; </p>
<p class="link-more"><a href="https://xn--typisch-s-x9a.ch/?page_id=620" class="more-link"><span class="screen-reader-text">&#171;Glace mit schwarzem Sesam&#187;</span> weiterlesen</a></p>
