{"id":3973,"date":"2024-08-04T13:38:14","date_gmt":"2024-08-04T13:38:14","guid":{"rendered":"https:\/\/xn--typisch-s-x9a.ch\/?page_id=3973"},"modified":"2024-08-04T14:04:04","modified_gmt":"2024-08-04T14:04:04","slug":"via-berna-38-bern-muensingen","status":"publish","type":"page","link":"https:\/\/xn--typisch-s-x9a.ch\/?page_id=3973","title":{"rendered":"Via Berna 38 &#8211; Bern &#8211; M\u00fcnsingen"},"content":{"rendered":"\n<p>Start in Bern, am B\u00e4regrabe. Wir sind mit den Velos unterwegs. Zu Beginn begegnen wir sehr vielen Personen, welche der grossen Hitze an diesem Tag entfliehen wollen.<\/p>\n\n\n\n<p>Der Aare entlang begegnen wir wundersch\u00f6ne Aussichten auf die Matte, das M\u00fcnster und das Bundeshaus.<\/p>\n\n\n\n<p>Bald einmal sind wir praktisch alleine unterwegs.<\/p>\n\n\n\n<p>Gegen Muri tauchen wieder Personen auf, welche noch ein freies Pl\u00e4tzli zum br\u00e4tle an einer der vielen Grillstellen suchen.<\/p>\n\n\n\n<p>Auch das Muri-Schwimmbad mit der gr\u00fcnen Aare im Hintergrund geben ein eindr\u00fcckliches Bild ab.<\/p>\n\n\n\n<p>Danach sehen wir auf der anderen Seite des Flusses bald einmal den Flughafen Belpmoos und wir wechseln die Seite.<\/p>\n\n\n\n<p>Nach Belp und Nahe M\u00fcnsingen erreichen wir die Viehweid, hier endet dieser Abschnitt der Via Berna.<\/p>\n\n\n\n<p>Uns hat es auch hier gefallen, die Fahrt zur\u00fcck nach Bern zum gr\u00f6ssten Teil der k\u00fchlen Aare mit den vielen Gummibooten war ein wahrer Genuss.<\/p>\n\n\n\n<figure class=\"wp-block-image size-large\"><img loading=\"lazy\" decoding=\"async\" width=\"1024\" height=\"512\" src=\"https:\/\/xn--typisch-s-x9a.ch\/wp-content\/uploads\/2024\/08\/img_0879-1-1024x512.jpg\" alt=\"\" class=\"wp-image-3984\" srcset=\"https:\/\/xn--typisch-s-x9a.ch\/wp-content\/uploads\/2024\/08\/img_0879-1-1024x512.jpg 1024w, https:\/\/xn--typisch-s-x9a.ch\/wp-content\/uploads\/2024\/08\/img_0879-1-300x150.jpg 300w, https:\/\/xn--typisch-s-x9a.ch\/wp-content\/uploads\/2024\/08\/img_0879-1-768x384.jpg 768w, https:\/\/xn--typisch-s-x9a.ch\/wp-content\/uploads\/2024\/08\/img_0879-1-1536x768.jpg 1536w, https:\/\/xn--typisch-s-x9a.ch\/wp-content\/uploads\/2024\/08\/img_0879-1.jpg 2000w\" sizes=\"auto, (max-width: 706px) 89vw, (max-width: 767px) 82vw, 740px\" \/><\/figure>\n\n\n\n<figure class=\"wp-block-image size-large\"><img loading=\"lazy\" decoding=\"async\" width=\"1024\" height=\"512\" src=\"https:\/\/xn--typisch-s-x9a.ch\/wp-content\/uploads\/2024\/08\/img_0877-1-1024x512.jpg\" alt=\"\" class=\"wp-image-3982\" srcset=\"https:\/\/xn--typisch-s-x9a.ch\/wp-content\/uploads\/2024\/08\/img_0877-1-1024x512.jpg 1024w, https:\/\/xn--typisch-s-x9a.ch\/wp-content\/uploads\/2024\/08\/img_0877-1-300x150.jpg 300w, https:\/\/xn--typisch-s-x9a.ch\/wp-content\/uploads\/2024\/08\/img_0877-1-768x384.jpg 768w, https:\/\/xn--typisch-s-x9a.ch\/wp-content\/uploads\/2024\/08\/img_0877-1-1536x768.jpg 1536w, https:\/\/xn--typisch-s-x9a.ch\/wp-content\/uploads\/2024\/08\/img_0877-1.jpg 2000w\" sizes=\"auto, (max-width: 706px) 89vw, (max-width: 767px) 82vw, 740px\" \/><\/figure>\n\n\n\n<figure class=\"wp-block-image size-large\"><img loading=\"lazy\" decoding=\"async\" width=\"2000\" height=\"1000\" src=\"https:\/\/xn--typisch-s-x9a.ch\/wp-content\/uploads\/2024\/08\/img_0878-1.jpg\" alt=\"\" class=\"wp-image-3983\" srcset=\"https:\/\/xn--typisch-s-x9a.ch\/wp-content\/uploads\/2024\/08\/img_0878-1.jpg 2000w, https:\/\/xn--typisch-s-x9a.ch\/wp-content\/uploads\/2024\/08\/img_0878-1-300x150.jpg 300w, https:\/\/xn--typisch-s-x9a.ch\/wp-content\/uploads\/2024\/08\/img_0878-1-1024x512.jpg 1024w, https:\/\/xn--typisch-s-x9a.ch\/wp-content\/uploads\/2024\/08\/img_0878-1-768x384.jpg 768w, https:\/\/xn--typisch-s-x9a.ch\/wp-content\/uploads\/2024\/08\/img_0878-1-1536x768.jpg 1536w\" sizes=\"auto, (max-width: 706px) 89vw, (max-width: 767px) 82vw, 740px\" \/><\/figure>\n\n\n\n<figure class=\"wp-block-image size-large\"><img loading=\"lazy\" decoding=\"async\" width=\"2000\" height=\"1000\" src=\"https:\/\/xn--typisch-s-x9a.ch\/wp-content\/uploads\/2024\/08\/img_0880-1.jpg\" alt=\"\" class=\"wp-image-3981\"\/><\/figure>\n","protected":false},"excerpt":{"rendered":"<p>Start in Bern, am B\u00e4regrabe. Wir sind mit den Velos unterwegs. Zu Beginn begegnen wir sehr vielen Personen, welche der grossen Hitze an diesem Tag entfliehen wollen. Der Aare entlang begegnen wir wundersch\u00f6ne Aussichten auf die Matte, das M\u00fcnster und das Bundeshaus. Bald einmal sind wir praktisch alleine unterwegs. Gegen Muri tauchen wieder Personen auf, &hellip; <\/p>\n<p class=\"link-more\"><a href=\"https:\/\/xn--typisch-s-x9a.ch\/?page_id=3973\" class=\"more-link\"><span class=\"screen-reader-text\">&#171;Via Berna 38 &#8211; Bern &#8211; M\u00fcnsingen&#187;<\/span> weiterlesen<\/a><\/p>\n","protected":false},"author":1,"featured_media":3978,"parent":0,"menu_order":0,"comment_status":"closed","ping_status":"closed","template":"","meta":{"footnotes":""},"class_list":["post-3973","page","type-page","status-publish","has-post-thumbnail","hentry"],"jetpack_sharing_enabled":true,"_links":{"self":[{"href":"https:\/\/xn--typisch-s-x9a.ch\/index.php?rest_route=\/wp\/v2\/pages\/3973","targetHints":{"allow":["GET"]}}],"collection":[{"href":"https:\/\/xn--typisch-s-x9a.ch\/index.php?rest_route=\/wp\/v2\/pages"}],"about":[{"href":"https:\/\/xn--typisch-s-x9a.ch\/index.php?rest_route=\/wp\/v2\/types\/page"}],"author":[{"embeddable":true,"href":"https:\/\/xn--typisch-s-x9a.ch\/index.php?rest_route=\/wp\/v2\/users\/1"}],"replies":[{"embeddable":true,"href":"https:\/\/xn--typisch-s-x9a.ch\/index.php?rest_route=%2Fwp%2Fv2%2Fcomments&post=3973"}],"version-history":[{"count":5,"href":"https:\/\/xn--typisch-s-x9a.ch\/index.php?rest_route=\/wp\/v2\/pages\/3973\/revisions"}],"predecessor-version":[{"id":3985,"href":"https:\/\/xn--typisch-s-x9a.ch\/index.php?rest_route=\/wp\/v2\/pages\/3973\/revisions\/3985"}],"wp:featuredmedia":[{"embeddable":true,"href":"https:\/\/xn--typisch-s-x9a.ch\/index.php?rest_route=\/wp\/v2\/media\/3978"}],"wp:attachment":[{"href":"https:\/\/xn--typisch-s-x9a.ch\/index.php?rest_route=%2Fwp%2Fv2%2Fmedia&parent=3973"}],"curies":[{"name":"wp","href":"https:\/\/api.w.org\/{rel}","templated":true}]}}